{"id":35,"date":"2023-01-27T13:20:44","date_gmt":"2023-01-27T13:20:44","guid":{"rendered":"https:\/\/gdcp2023.uni-hamburg.de\/?page_id=35"},"modified":"2023-09-13T07:38:25","modified_gmt":"2023-09-13T07:38:25","slug":"konferenzdinner-mittwoch","status":"publish","type":"page","link":"https:\/\/gdcp2023.uni-hamburg.de\/?page_id=35","title":{"rendered":"Konferenzdinner"},"content":{"rendered":"\n<p>Am Mittwochabend findet unser Konferenzabendessen im <a rel=\"noreferrer noopener\" href=\"https:\/\/www.parlament-hamburg.de\/\" target=\"_blank\">Restaurant Parlament<\/a> direkt unter dem Rathaus statt. Tickets k\u00f6nnen bei der Anmeldung als Tagungsgast hinzugebucht werden. Sollten Sie sich sp\u00e4ter entscheiden, dann gibt es eventuell Resttickets im Tagungsb\u00fcro.<\/p>\n\n\n\n<p>Eine Wegbeschreibung gibt es <a href=\"https:\/\/www.parlament-hamburg.de\/anfahrt\/\" data-type=\"link\" data-id=\"https:\/\/www.parlament-hamburg.de\/anfahrt\/\">hier<\/a>.<\/p>\n\n\n\n<p>Wir begehen im Parlament nicht nur unser Konferenz-Dinner, sondern feiern zugleich den 50. Geburtstag der GDCP! Nat\u00fcrlich mit Speis, Trank, Musik und Tanz!<\/p>\n\n\n\n<figure class=\"wp-block-image size-large\"><img loading=\"lazy\" decoding=\"async\" width=\"1024\" height=\"576\" src=\"https:\/\/gdcp2023.uni-hamburg.de\/wp-content\/uploads\/2023\/01\/grundsteinkeller-1024x576.jpg\" alt=\"Grundsteinkeller im Restaurant Parlament\" class=\"wp-image-23\" srcset=\"https:\/\/gdcp2023.uni-hamburg.de\/wp-content\/uploads\/2023\/01\/grundsteinkeller-1024x576.jpg 1024w, https:\/\/gdcp2023.uni-hamburg.de\/wp-content\/uploads\/2023\/01\/grundsteinkeller-300x169.jpg 300w, https:\/\/gdcp2023.uni-hamburg.de\/wp-content\/uploads\/2023\/01\/grundsteinkeller-768x432.jpg 768w, https:\/\/gdcp2023.uni-hamburg.de\/wp-content\/uploads\/2023\/01\/grundsteinkeller-1536x864.jpg 1536w, https:\/\/gdcp2023.uni-hamburg.de\/wp-content\/uploads\/2023\/01\/grundsteinkeller-2048x1152.jpg 2048w, https:\/\/gdcp2023.uni-hamburg.de\/wp-content\/uploads\/2023\/01\/grundsteinkeller-945x532.jpg 945w, https:\/\/gdcp2023.uni-hamburg.de\/wp-content\/uploads\/2023\/01\/grundsteinkeller-600x338.jpg 600w\" sizes=\"auto, (max-width: 1024px) 100vw, 1024px\" \/><figcaption class=\"wp-element-caption\"><em>Grundsteinkeller im Restaurant Parlament unter dem Hamburger Rathaus<\/em><\/figcaption><\/figure>\n","protected":false},"excerpt":{"rendered":"<p>Am Mittwochabend findet unser Konferenzabendessen im Restaurant Parlament direkt unter dem Rathaus statt. Tickets k\u00f6nnen bei der Anmeldung als Tagungsgast hinzugebucht werden. Sollten Sie sich sp\u00e4ter entscheiden, dann gibt es eventuell Resttickets im Tagungsb\u00fcro. Eine Wegbeschreibung gibt es hier. Wir&#8230; <a class=\"more-link\" href=\"https:\/\/gdcp2023.uni-hamburg.de\/?page_id=35\">Weiterlesen &rarr;<\/a><\/p>\n","protected":false},"author":2,"featured_media":0,"parent":0,"menu_order":0,"comment_status":"closed","ping_status":"closed","template":"","meta":{"footnotes":""},"class_list":["post-35","page","type-page","status-publish","hentry"],"_links":{"self":[{"href":"https:\/\/gdcp2023.uni-hamburg.de\/index.php?rest_route=\/wp\/v2\/pages\/35","targetHints":{"allow":["GET"]}}],"collection":[{"href":"https:\/\/gdcp2023.uni-hamburg.de\/index.php?rest_route=\/wp\/v2\/pages"}],"about":[{"href":"https:\/\/gdcp2023.uni-hamburg.de\/index.php?rest_route=\/wp\/v2\/types\/page"}],"author":[{"embeddable":true,"href":"https:\/\/gdcp2023.uni-hamburg.de\/index.php?rest_route=\/wp\/v2\/users\/2"}],"replies":[{"embeddable":true,"href":"https:\/\/gdcp2023.uni-hamburg.de\/index.php?rest_route=%2Fwp%2Fv2%2Fcomments&post=35"}],"version-history":[{"count":6,"href":"https:\/\/gdcp2023.uni-hamburg.de\/index.php?rest_route=\/wp\/v2\/pages\/35\/revisions"}],"predecessor-version":[{"id":428,"href":"https:\/\/gdcp2023.uni-hamburg.de\/index.php?rest_route=\/wp\/v2\/pages\/35\/revisions\/428"}],"wp:attachment":[{"href":"https:\/\/gdcp2023.uni-hamburg.de\/index.php?rest_route=%2Fwp%2Fv2%2Fmedia&parent=35"}],"curies":[{"name":"wp","href":"https:\/\/api.w.org\/{rel}","templated":true}]}}