{"id":55,"date":"2023-01-27T13:36:36","date_gmt":"2023-01-27T13:36:36","guid":{"rendered":"https:\/\/gdcp2023.uni-hamburg.de\/?page_id=55"},"modified":"2024-02-20T12:43:14","modified_gmt":"2024-02-20T12:43:14","slug":"impressum","status":"publish","type":"page","link":"https:\/\/gdcp2023.uni-hamburg.de\/?page_id=55","title":{"rendered":"Impressum"},"content":{"rendered":"\n<p id=\"block-c5fdcfef-f62c-4ac5-9fc8-1669e1640bd7\">Dieses Blog wird als Teil der <a rel=\"noreferrer noopener\" href=\"https:\/\/www.blogs.uni-hamburg.de\/\" target=\"_blank\">Blogfarm<\/a> auf Servern der Universit\u00e4t Hamburg gehostet.<\/p>\n\n\n\n<h3 class=\"wp-block-heading\" id=\"block-30825957-6995-4fe9-bc8b-4f4549bedf81\">Inhaltliche Verantwortlichkeit<\/h3>\n\n\n\n<p id=\"block-cb959e97-a59e-4e83-a7bf-dbf367c4f03a\">F\u00fcr die Richtigkeit und Aktualit\u00e4t der Inhalte sind die jeweiligen Erstellerinnen und Ersteller der einzelnen Seiten verantwortlich.<\/p>\n\n\n\n<p id=\"block-25d39292-1274-43cf-b1dc-a55819f07f34\">Herr Prof. Dr. Dietmar H\u00f6ttecke und Frau Prof. Dr. Mirjam Steffensky<br>Fak. Erziehungswissenschaft<\/p>\n\n\n\n<p id=\"block-2b54754a-efad-47a7-a36e-458c29352850\">Von-Melle-Park 8<br>20146 Hamburg<br>Tel.: +49 40 42838 4748<br>E-Mail: dietmar.hoettecke (at) uni-hamburg.de<\/p>\n\n\n\n<h3 class=\"wp-block-heading\" id=\"block-e5b27cf0-e629-4b0b-a4c1-4b87aed8a61a\">Technische Verantwortlichkeit<\/h3>\n\n\n\n<p id=\"block-8919f086-199e-40e4-b43b-b3674250c7d3\">Webmaster\/in:<\/p>\n\n\n\n<p id=\"block-31ce2834-6e48-498e-9efa-a03e8ddb7dca\">Herr Prof. Dr. Dietmar H\u00f6ttecke<br>Fak. Erziehungswissenschaft<br>Von-Melle-Park 8<br>20146 Hamburg<br>Tel.: +49 40 42838 4748<br>E-Mail: dietmar.hoettecke (at) uni-hamburg.de<\/p>\n\n\n\n<h3 class=\"wp-block-heading\" id=\"block-f696af7b-614a-46ba-b406-5cc9b5f90cb0\">Zentrale Adresse der Universit\u00e4t Hamburg<\/h3>\n\n\n\n<p id=\"block-a1afa2f6-2990-4aab-9840-f25388554ca8\">Universit\u00e4t Hamburg<br>Mittelweg 177<br>20148 Hamburg<br>Deutschland<br>Tel.: +49 40 42838-0<br>Fax: +49 40 42838-9586<\/p>\n\n\n\n<h3 class=\"wp-block-heading\" id=\"block-bbfe54ee-7b51-4eca-94b9-2ffb34138307\">Rechtsform und gesetzliche Vertretung<\/h3>\n\n\n\n<p id=\"block-2dd80fd1-02ea-483b-8003-ece8ca19a1eb\">Die Tagungsausrichter sind Angeh\u00f6rige der Universit\u00e4t Hamburg. Die Universit\u00e4t Hamburg ist eine K\u00f6rperschaft des \u00d6ffentlichen Rechts. Sie wird gesetzlich vertreten durch Univ.-Prof. Dr. Hauke Heekeren, Pr\u00e4sident der Universit\u00e4t Hamburg, Mittelweg 177, 20148 Hamburg, Deutschland.<\/p>\n\n\n\n<h3 class=\"wp-block-heading\" id=\"block-2d25f176-79e0-406b-be83-5895fbaf3ea0\">Zust\u00e4ndige Aufsichtsbeh\u00f6rde<\/h3>\n\n\n\n<p id=\"block-ffd37a75-aafd-4985-96d8-f532d6ab6c71\">Beh\u00f6rde f\u00fcr Wissenschaft, Forschung und Gleichstellung der Freien und Hansestadt Hamburg<br>Hamburger Stra\u00dfe 37, 22083 Hamburg<\/p>\n\n\n\n<h3 class=\"wp-block-heading\" id=\"block-f1fe73fb-c911-4598-a343-3996af9b2728\">Umsatzsteueridentifikationsnummer<\/h3>\n\n\n\n<p id=\"block-2d621f87-132c-469f-99bb-bdc98f5c8a53\">DE 245 584 140<\/p>\n\n\n\n<h3 class=\"wp-block-heading\" id=\"block-c5c3e552-8ec6-4aa7-a833-d1bfcf7d617d\">Haftungsausschluss<\/h3>\n\n\n\n<p id=\"block-8a73bf44-549c-4b79-9600-e8938aef5757\">Trotz sorgf\u00e4ltiger inhaltlicher Kontrolle \u00fcbernehmen wir keine Haftung f\u00fcr die Richtigkeit, Vollst\u00e4ndigkeit und Aktualit\u00e4t unserer Webseiten sowie f\u00fcr die Inhalte externer Links. Von den Inhalten der verlinkten Seiten \u2013 auf deren Inhalt wir keinen Einfluss haben \u2013 distanzieren wir uns ausdr\u00fccklich. Diese Erkl\u00e4rung gilt f\u00fcr alle auf den Webseiten angebrachten Links und f\u00fcr alle Inhalte der Seiten, zu denen Links oder Banner f\u00fchren.<\/p>\n","protected":false},"excerpt":{"rendered":"<p>Dieses Blog wird als Teil der Blogfarm auf Servern der Universit\u00e4t Hamburg gehostet. Inhaltliche Verantwortlichkeit F\u00fcr die Richtigkeit und Aktualit\u00e4t der Inhalte sind die jeweiligen Erstellerinnen und Ersteller der einzelnen Seiten verantwortlich. Herr Prof. Dr. Dietmar H\u00f6ttecke und Frau Prof&#8230;. <a class=\"more-link\" href=\"https:\/\/gdcp2023.uni-hamburg.de\/?page_id=55\">Weiterlesen &rarr;<\/a><\/p>\n","protected":false},"author":2,"featured_media":0,"parent":0,"menu_order":0,"comment_status":"closed","ping_status":"closed","template":"","meta":{"footnotes":""},"class_list":["post-55","page","type-page","status-publish","hentry"],"_links":{"self":[{"href":"https:\/\/gdcp2023.uni-hamburg.de\/index.php?rest_route=\/wp\/v2\/pages\/55","targetHints":{"allow":["GET"]}}],"collection":[{"href":"https:\/\/gdcp2023.uni-hamburg.de\/index.php?rest_route=\/wp\/v2\/pages"}],"about":[{"href":"https:\/\/gdcp2023.uni-hamburg.de\/index.php?rest_route=\/wp\/v2\/types\/page"}],"author":[{"embeddable":true,"href":"https:\/\/gdcp2023.uni-hamburg.de\/index.php?rest_route=\/wp\/v2\/users\/2"}],"replies":[{"embeddable":true,"href":"https:\/\/gdcp2023.uni-hamburg.de\/index.php?rest_route=%2Fwp%2Fv2%2Fcomments&post=55"}],"version-history":[{"count":2,"href":"https:\/\/gdcp2023.uni-hamburg.de\/index.php?rest_route=\/wp\/v2\/pages\/55\/revisions"}],"predecessor-version":[{"id":430,"href":"https:\/\/gdcp2023.uni-hamburg.de\/index.php?rest_route=\/wp\/v2\/pages\/55\/revisions\/430"}],"wp:attachment":[{"href":"https:\/\/gdcp2023.uni-hamburg.de\/index.php?rest_route=%2Fwp%2Fv2%2Fmedia&parent=55"}],"curies":[{"name":"wp","href":"https:\/\/api.w.org\/{rel}","templated":true}]}}