{"id":98,"date":"2023-01-27T17:30:35","date_gmt":"2023-01-27T17:30:35","guid":{"rendered":"https:\/\/gdcp2023.uni-hamburg.de\/?page_id=98"},"modified":"2023-09-08T07:41:26","modified_gmt":"2023-09-08T07:41:26","slug":"willkommen","status":"publish","type":"page","link":"https:\/\/gdcp2023.uni-hamburg.de\/","title":{"rendered":"Willkommen!"},"content":{"rendered":"\n<p>Ein herzliches Willkommen auf der Seite der \u00d6rtlichen Tagungsleitung der Jahrestagung der GDCP 2023. Unsere Tagung tr\u00e4gt den Titel \u201e<em>Fr\u00fche naturwissenschaftliche Bildung<\/em>\u201c und widmet sich damit erstmals in diesem Rahmen diesem wichtigen Thema. Zugleich feiert die GDCP ihren eigenen 50. Geburtstag und schaut auf ein halbes Jahrhundert chemie- und physikdidaktischer Forschung und Entwicklung zur\u00fcck. Dies wird ein Grund zum Ansto\u00dfen sein.<\/p>\n\n\n\n<p>Die Tagung findet im Wesentlichen auf dem Von-Melle-Campus und zwar im Hauptgeb\u00e4ude der Erziehungswissenschaft VMP 8 und einem benachbarten Geb\u00e4ude VMP 9 statt. Viele wichtige Informationen zur Tagung k\u00f6nnen Sie der Tagungsseite der GDCP selbst entnehmen. Dort finden Sie auch Hinweise zur Anmeldung von Tagungsbeitr\u00e4gen und zur pers\u00f6nlichen Anmeldung als Tagungsgast.<\/p>\n\n\n\n<p>Die Arbeitsgruppe <a rel=\"noreferrer noopener\" href=\"https:\/\/www.ew.uni-hamburg.de\/einrichtungen\/ew5\/didaktik-der-chemie.html\" target=\"_blank\">Chemiedidaktik<\/a> und <a rel=\"noreferrer noopener\" href=\"https:\/\/www.ew.uni-hamburg.de\/einrichtungen\/ew5\/didaktik-physik.html\" target=\"_blank\">Physikdidaktik<\/a> von Mirjam Steffensky und Dietmar H\u00f6ttecke freuen sich schon, Sie im Semptember in Hamburg begr\u00fc\u00dfen zu d\u00fcrfen.<br>Wir hoffen auf eine inspirierende Tagung.<\/p>\n\n\n\n<p><br>Herzlichen Gl\u00fcckwunsch, liebe GDCP, zum 50. Geburtstag!<\/p>\n","protected":false},"excerpt":{"rendered":"<p>Ein herzliches Willkommen auf der Seite der \u00d6rtlichen Tagungsleitung der Jahrestagung der GDCP 2023. Unsere Tagung tr\u00e4gt den Titel \u201eFr\u00fche naturwissenschaftliche Bildung\u201c und widmet sich damit erstmals in diesem Rahmen diesem wichtigen Thema. Zugleich feiert die GDCP ihren eigenen 50&#8230;. <a class=\"more-link\" href=\"https:\/\/gdcp2023.uni-hamburg.de\/\">Weiterlesen &rarr;<\/a><\/p>\n","protected":false},"author":2,"featured_media":0,"parent":0,"menu_order":0,"comment_status":"closed","ping_status":"closed","template":"","meta":{"footnotes":""},"class_list":["post-98","page","type-page","status-publish","hentry"],"_links":{"self":[{"href":"https:\/\/gdcp2023.uni-hamburg.de\/index.php?rest_route=\/wp\/v2\/pages\/98","targetHints":{"allow":["GET"]}}],"collection":[{"href":"https:\/\/gdcp2023.uni-hamburg.de\/index.php?rest_route=\/wp\/v2\/pages"}],"about":[{"href":"https:\/\/gdcp2023.uni-hamburg.de\/index.php?rest_route=\/wp\/v2\/types\/page"}],"author":[{"embeddable":true,"href":"https:\/\/gdcp2023.uni-hamburg.de\/index.php?rest_route=\/wp\/v2\/users\/2"}],"replies":[{"embeddable":true,"href":"https:\/\/gdcp2023.uni-hamburg.de\/index.php?rest_route=%2Fwp%2Fv2%2Fcomments&post=98"}],"version-history":[{"count":6,"href":"https:\/\/gdcp2023.uni-hamburg.de\/index.php?rest_route=\/wp\/v2\/pages\/98\/revisions"}],"predecessor-version":[{"id":424,"href":"https:\/\/gdcp2023.uni-hamburg.de\/index.php?rest_route=\/wp\/v2\/pages\/98\/revisions\/424"}],"wp:attachment":[{"href":"https:\/\/gdcp2023.uni-hamburg.de\/index.php?rest_route=%2Fwp%2Fv2%2Fmedia&parent=98"}],"curies":[{"name":"wp","href":"https:\/\/api.w.org\/{rel}","templated":true}]}}